77 - k/14.
5
Suppose -v = 3*g - 0*v - 12, 5*g + 2*v = 19. Suppose 0 = g*f + 25, -3*f + 17 = 4*r - 4*f. What is the remainder when 9 is divided by r?
0
Let f = 53 - 25. What is the remainder when f is divided by 4?
0
Let f = 27 - 14. Suppose -f - 12 = -5*u. Suppose 0 = 2*l - l - 3. Calculate the remainder when u is divided by l.
2
Let t(n) = 4*n - 1. Let l be t(1). Suppose 0 = -0*q + l*q - 21. Suppose 3*b - 80 = z, 0*b - 3*z = -b + 32. What is the remainder when b is divided by q?
5
Let c = 10 + -7. Let a be (6/(-4))/3*-4. Suppose -3*w + 6 = -w - 5*u, -w + 5*u - a = 0. Calculate the remainder when w is divided by c.
2
Let r = -6 - -10. Suppose r*k = -g + 24 + 21, -4*g - 7 = -k. Suppose -9 = -3*j + 54. What is the remainder when j is divided by k?
10
Suppose 0*a = 5*x + 4*a - 38, 4*a - 8 = 0. What is the remainder when 16 is divided by x?
4
Suppose 5*k = -2*r + 104, 5*k + r - 58 - 44 = 0. Suppose -k = -i - x, -5*i + 0*x + 121 = -2*x. Calculate the remainder when 67 is divided by i.
21
Let q(d) = -d**3 + 7*d**2 - 3*d - 3. Let c be q(6). Suppose -70 = -5*g - c. What is the remainder when g is divided by 18/15*(-10)/(-3)?
3
Let w be ((-8)/(-6))/((-6)/(-9)). Suppose w*f = 3*f - 9. Calculate the remainder when 15 is divided by f.
6
Let q(l) = l - 1. Suppose 0*n + 2*j + 48 = 5*n, 3*j - 12 = -3*n. Let f be q(n). Let h = 3 + f. Calculate the remainder when 28 is divided by h.
8
Let q be 0 - -2 - (3 - 1). Suppose 3*u - 1 - 30 = -2*t, -4*u + 4*t + 48 = q. What is the remainder when 32 is divided by u?
10
Suppose 5*o + 3*c - 443 = 0, -2 = 3*c - 5*c. Suppose 0*k + 4*k - o = -4*s, 150 = 5*k - 5*s. What is the remainder when k is divided by 1 + 15 + -2 + 0?
12
Let o = -6 - -34. Let m = 11 - 1. Calculate the remainder when o is divided by m.
8
Let z(g) = -g**3 - 7*g**2 - 6*g + 9. What is the remainder when z(-6) is divided by 4?
1
Let m(y) = 7*y - 7. Suppose 2*f - 5 = 5. Calculate the remainder when m(f) is divided by 10.
8
What is the remainder when (-3 - -5 - -2)*10 is divided by 14?
12
Suppose -34 - 34 = -n + 3*i, 2*n = 4*i + 132. Suppose 0*p - 64 = -4*p. Calculate the remainder when n is divided by p.
14
Let k(s) be the first derivative of -17*s**2/2 - 3*s + 1. Calculate the remainder when k(-4) is divided by 22.
21
Let x = 74 + -107. Let z(g) = -9*g**3 - g**2 + 2. Let q be z(2). Let a = x - q. Calculate the remainder when a is divided by 21.
20
Let q be ((-3 - 1)/(-2))/1. Let t be q*1 - (2 - 0). Suppose -w + 3*v + 0 = -10, t = -3*v + 3. Calculate the remainder when w is divided by 8.
5
Suppose 14 = -3*v - 2*z, -v + 18 = -0*z - 5*z. Suppose 0 = -b - 0*b + 10. What is the remainder when 31 is divided by b + v/(-6)*3?
9
Suppose -o - 2*o - 2*w + 249 = 0, -3*w + 415 = 5*o. What is the remainder when o is divided by 17?
15
What is the remainder when 105 - -1*(3 + -1 + -1) is divided by 22?
18
Suppose -u + 6 = 1. What is the remainder when 12 is divided by u?
2
Let i(d) be the second derivative of 19/2*d**2 + 0 + 0*d**3 + d - 1/20*d**5 - 1/12*d**4. Calculate the remainder when 37 is divided by i(0).
18
Let a be (-1119)/6 + (-2)/(-4). Calculate the remainder when 8/(-28) + a/(-14) is divided by 7.
6
Let w be (-1 - -3)*(0 + 3). Let f be 8/w*(-1 + 7). Suppose 92 = 5*u - f. What is the remainder when u is divided by 7?
6
Let h(k) = -k - 5. Let q be h(-7). Suppose q*v - 2 = 4. What is the remainder when 6 is divided by v?
0
Let z = -133 + 235. Let s = -172 + 207. Calculate the remainder when z is divided by s.
32
Suppose -2*u = 3*k - 201, u = -5*k - 0*k + 97. Let q = -47 + u. What is the remainder when q is divided by ((-4)/(-2))/(2/28)?
27
Suppose -2*k + 16 = -2. Suppose -b + k = 3. Calculate the remainder when b is divided by 2.
0
What is the remainder when (-5)/2*(-3 + -5) is divided by 11?
9
What is the remainder when -45*6/15*-2 is divided by 13?
10
Let t(n) = n**3 - 3*n**2 - 5*n + 4. Suppose -3*o + 62 = -k, 8*o - 106 = 3*o - k. Calculate the remainder when t(6) is divided by o.
19
Let w = 94 + -92. Suppose 2*y - 6 = -0*y. What is the remainder when y is divided by w?
1
Suppose -b + 25 = -3*m, b + 2*m = -3*m - 15. What is the remainder when ((-6)/(-4))/(2/52) is divided by b?
9
Calculate the remainder when (-4)/(12/(-9)) - -50 is divided by 9.
8
Let x = 0 - -5. Suppose x*i - 14 = 6. Suppose -i*j - q + 26 = -3*j, 94 = 5*j - 4*q. What is the remainder when j is divided by 8?
6
Suppose -2*m = m - 24. Calculate the remainder when 27 is divided by m.
3
Suppose 7*x = 3*x + 52. Calculate the remainder when x is divided by 4.
1
Suppose -2*q - 3*j - 37 = -6*q, 0 = -j + 5. Calculate the remainder when q is divided by 5.
3
Let r = 28 - -8. Calculate the remainder when 70 is divided by r.
34
Let u(o) = -7*o. Suppose -2*m + 3*a = 7, -m - 8 = -4*a - 2. Let i = 49 - 9. What is the remainder when i is divided by u(m)?
12
Let a(o) = o**3 + 16*o**2 + 13. Let h be 11/1 + 6/3. Suppose 3*z - h = 2. Calculate the remainder when a(-16) is divided by z.
3
Suppose -4*y + 12 = -y. Let b(s) = -15*s**3 - 1. Let o be b(1). Let l = 27 + o. Calculate the remainder when l is divided by y.
3
Suppose 2*b + 2*z + 0*z = 6, 4*b - 36 = 4*z. Let t(u) = 2 + b*u - 1 + u**2 + 6. Calculate the remainder when t(-5) is divided by 1.
0
Suppose -5*n = 20, 2*f + 56 = -n - 16. Let i = f - -47. What is the remainder when 36 is divided by i?
10
Let w(j) = 8*j**2 + 3*j + 1. What is the remainder when w(-2) is divided by ((-3)/2)/(2/(-20))?
12
Let f = -42 + 72. What is the remainder when f is divided by 7?
2
Suppose v - n - 15 = -v, 5*n - 24 = -v. Let k(x) = -x + 5. Suppose 0 = -3*q - 0*q. What is the remainder when v is divided by k(q)?
4
Suppose l + 0*l = 10. Let s(q) = 5*q**3 - q. What is the remainder when l is divided by s(1)?
2
Let f(s) = 55*s - 1. Let d be f(-1). Let b be (-6 - -5)*(-1 + d). Let l = b + -4. Calculate the remainder when l is divided by 18.
17
Suppose 92 = 4*u - 44. Calculate the remainder when u is divided by 12.
10
Suppose 7*a = 35 + 21. Calculate the remainder when a is divided by 6.
2
Let r = -10 + 36. Calculate the remainder when r is divided by -3*(6/(-2) + 0).
8
Let g = -45 + 65. Suppose 2*b = -5*y + 401, -2*y + 3*b - 45 = -194. Calculate the remainder when y is divided by g.
19
Let g be (-32)/(-10)*(-10)/(-4). Suppose 0 = -4*b + g*b + 5*n - 7, 4*b - 5*n = 57. What is the remainder when 31 is divided by b?
7
Suppose -k + 87 = 2*k. Calculate the remainder when 114 is divided by k.
27
Let f = 36 + -11. Suppose -5 = 4*a - f. Suppose 10 = j + 8. Calculate the remainder when a is divided by j.
1
Let u = 75 - 42. Calculate the remainder when u is divided by 5.
3
Let r(z) = -z**2 - 4*z + 2. Let a be r(-4). Suppose -a*t - 1 + 87 = 0. Calculate the remainder when t is divided by 15.
13
Suppose 13 - 4 = 3*s. Suppose s*t - 4*r - 16 - 44 = 0, -3*t + 60 = 3*r. What is the remainder when 57 is divided by t?
17
Let w(i) = -3*i + 2. Let g be 1/(-2) - (-12)/8. Let u(q) = -q - 1. Let h(c) = g*w(c) - 4*u(c). Calculate the remainder when 21 is divided by h(5).
10
Suppose -7*y = -s - 2*y - 4, -s = 2*y - 31. Let q = 1339 - 1328. What is the remainder when s is divided by q?
10
What is the remainder when -18*(-5)/30*3 is divided by 4?
1
Let i = -7 - -4. What is the remainder when (-16 + 1 + -2)*i is divided by 13?
12
Let g(l) = -11*l - 6. Calculate the remainder when g(-4) is divided by 20.
18
Let b(o) be the third derivative of -97*o**4/24 + o**3/6 + 2*o**2. Let i be b(-1). Suppose -i = -5*l + 3*l. What is the remainder when l is divided by 13?
10
Let o = 48 - 37. Calculate the remainder when 18 is divided by o.
7
Suppose 4*p + 3*w = 222 - 69, -5*p - w + 205 = 0. What is the remainder when p is divided by 15?
12
Let c = 23 - 3. Let x(i) = i**3 - 5*i**2 - 4*i - 4. Let q be x(6). Calculate the remainder when c is divided by (-2)/q - 405/(-36).
9
Suppose 4*u - 4*n - 52 = 0, -8 = -4*n - 0*n. Suppose 3*d = 4*q - 720, -4*d - u = -q + 932. What is the remainder when 45 is divided by d/(-20) - 1/(-5)?
9
Suppose 5*y = 59 + 16. Calculate the remainder when y is divided by 8.
7
Let d(f) = -f**2 + 10*f - 5. Let v be d(9). Suppose 3*r - i - v = 4, 10 = -5*i. What is the remainder when 4 is divided by r?
0
Let a(q) = q**2 + 4*q + 4. Let d be a(-4). Suppose -d = -m - 3. Calculate the remainder when (2/(-3))/(2/(-3)) 